et i(b) = -594*b + 1646. What is the hundreds digit of i(-5)?
6
Suppose 33*f + 3441 + 12498 = 0. Let d = f + 694. What is the hundreds digit of d?
2
Let n(z) = -z**3 - 3*z**2 - z - 1. Let q be n(-2). Suppose 33 = 2*r + 2*r - 5*u, -u = -r + 7. What is the units digit of (3/r)/((-1)/2*q)?
1
Let a = -114 + 114. Suppose 2*x = 4*h + 30, -5*x + 43 = -4*h - 20. Suppose a = x*d - 7*d - 72. What is the units digit of d?
8
Let w(y) = -12*y - 121. Let n be w(-20). Suppose -n*r - 2088 = -122*r. What is the tens digit of r?
9
Suppose -34*f - 7*f - 902 = 0. Suppose -2*o = 2, 0 = 2*i - 4*i + 2*o - 442. Let h = f - i. What is the hundreds digit of h?
2
Let k(b) = 4*b**2 - 2*b + 202. Let n be k(0). Let a = n - -286. What is the tens digit of a?
8
Let o(t) = -t**2 + 16*t + 39. Let h be o(18). Let l(z) = 13*z**3 + z**2 - 13*z + 9. What is the tens digit of l(h)?
3
Suppose -9*t + 155 = 110. Let n(w) = 2*w**2 + 2*w + 3. Let x be n(-3). Suppose 2*h - 2*m + 170 = 6*h, t*m - x = 0. What is the units digit of h?
1
Let j(w) be the second derivative of w**6/60 + w**5/15 - w**4/2 + 2*w**3 - 13*w. Let a(m) be the second derivative of j(m). What is the hundreds digit of a(-6)?
1
Let o be -222 - 1/(3*(-2)/30). Suppose 288 = -2*c + 5*b, 0 = -c + 2*b + 53 - 199. Let h = c - o. What is the tens digit of h?
6
Let v = 56095 - -1625. What is the thousands digit of v?
7
Let i(z) be the third derivative of z**5/60 + z**4/3 - 10*z**3/3 + 19*z**2. Let m be i(-11). What is the units digit of 8*(1 + -4 + m)?
0
Suppose 170*g = 167*g + 4*z + 53436, -53427 = -3*g + z. What is the thousands digit of g?
7
Suppose 14634 = -4*w - 222. Let z be (-1)/6 + w/(-36). Suppose 14*g = 15*g - z. What is the units digit of g?
3
Let z be 331/3 - (-4)/(-12). Let o(k) = -k**3 - 11*k**2 - 8*k - 67. Let x be o(-11). Let q = z - x. What is the tens digit of q?
8
Let a(n) = -4*n**2 + 4*n + 7. Let u be a(5). Let i = u - -73. Suppose i = -5*w + 6*w - 35. What is the units digit of w?
5
Let i(j) = 62*j**2 + 1. Let h = 2 + 0. Let g be (2 - h) + 3/3. What is the units digit of i(g)?
3
Suppose 27 + 83 = 22*i. Suppose -5*f = -i*l - 405, -f = 3*l + 2*l - 87. What is the units digit of f?
2
Suppose -t = 3*t - 40*t. What is the tens digit of 1681 - (6 - t) - 4?
7
Let b(m) = -m + 17. Let q(v) = 15*v - 2. Let w be q(1). Let h be b(w). Suppose -a = h*a - 4*o - 400, 3*a - 3*o = 240. What is the units digit of a?
0
Suppose -167*f + 169*f - 6 = 0. What is the hundreds digit of -4 - (2 - 5) - (-936)/f?
3
Let z be -1 + 5 + (14 - 12). Let g(f) = 3*f**2 - 30*f + 138. What is the tens digit of g(z)?
6
Suppose -2*c = 5*x + 104, -8*x + 3*x + 3*c = 94. What is the tens digit of 19 + x - (0 - 98)?
9
Let j(u) = -2*u**2 + 2. Let d(x) = 68*x**2 - 9. Let a(g) = d(g) + 5*j(g). What is the units digit of a(2)?
3
Suppose 18*c + 10*c = -21*c + 2398991. What is the tens digit of c?
5
Let l(n) = -6696*n + 2267. What is the hundreds digit of l(-11)?
9
Suppose 0 = -3*w + 5*w + 110. Let f = w + 78. Suppose -5*m - 5*u - 3 = -f, -18 = -4*m - 3*u. What is the units digit of m?
6
Suppose n - 4*t = 23, 131 = 2*n + 3*n - 4*t. Suppose -13 = m + n. What is the tens digit of (-2080)/(-36) + (m/36)/(-5)?
5
Let v(h) = -2049*h + 77. What is the thousands digit of v(-5)?
0
Let x(r) = 3*r**2 + r + 3. Let c be x(-2). Suppose 2*l + 1 = c. What is the units digit of (12/10)/(l/460)?
2
Let y be ((-678)/12 + -2)*-2. Let a = y - -275. What is the tens digit of a?
9
Suppose -4*p + 2 = -2*r, -2*p + 2*r + 5 = 5*r. Let l be (-2)/(p - 0) - (-1 - 10). Let n(y) = y**3 - 9*y**2 + 9*y. What is the units digit of n(l)?
1
Let y(s) = -10*s**3 - 2*s**2 + 9*s - 1. Let w be y(4). Let c = 289 - w. What is the hundreds digit of c?
9
Let z be ((-2)/3)/((-7)/42). Suppose 4*h - v = 7, -6*h + 4*h + 2*v = z. Suppose 82 = s - 4*u + h*u, -5*u = s - 64. What is the tens digit of s?
7
Let y = 50 - 33. Suppose y*z = 14*z - 309. Let g = z - -158. What is the units digit of g?
5
Let t = -366 - -365. What is the units digit of 448/t*156/(-104)?
2
Suppose 36841 = 5*v - g, -4*v + 2*g = 5*g - 29488. Suppose 0 = 15*b - v - 9956. What is the hundreds digit of b?
1
Suppose -2*h + 9013 = -53309. What is the hundreds digit of h?
1
Suppose -4*w - 5*c + 12563 = -59848, -5*c - 72421 = -4*w. What is the ten thousands digit of w?
1
Let d(a) be the first derivative of -a**2/2 - a + 5. Let v(z) = -13*z - 15. Let u(h) = -d(h) - v(h). What is the tens digit of u(4)?
7
Let k(x) be the first derivative of 1/3*x**3 + x**2 + 29 - 8*x. What is the hundreds digit of k(-14)?
1
Suppose 0 = 173*i - 2637610 - 3267399. What is the tens digit of i?
3
Let k = -3614 - -6473. What is the hundreds digit of k?
8
Let a(l) be the first derivative of -l**4/6 - 49*l**3/6 - 9*l**2 - 2*l + 2. Let z(y) be the first derivative of a(y). What is the units digit of z(-24)?
6
Let u = -5 - -10. Suppose 3*w + 7 = -r, u*r + 0*w - 2*w = 33. Suppose 85 = r*k - 220. What is the units digit of k?
1
Let i = 53391 + -30346. What is the thousands digit of i?
3
Let y(j) = -44*j**3. Let v be y(-1). Let n(s) = 132*s + 3426. Let x be n(-26). Let d = v - x. What is the tens digit of d?
5
Let l(d) = d**3 + 14*d**2 - 14*d + 33. Let i(h) = -h**3 - 7*h**2 - 5*h - 9. Let r be i(-6). Let q be (-10 + 8)/((-1)/(r/2)). What is the tens digit of l(q)?
1
Let y = -51 - 196. Let o = y + 427. Suppose 0 = 4*n - 40 - o. What is the tens digit of n?
5
Let z(c) = -1414*c - 210. Let b be z(-6). Suppose -31*i = -10*i - b. What is the tens digit of i?
9
Suppose -6*q - 7 = -2521. Suppose q*t - 414*t - 10020 = 0. What is the hundreds digit of t?
0
Let q be (-720)/(-28) - (-2)/7. Suppose 5*u + 9*t - 196 = 10*t, u = 3*t + 28. Let j = u + q. What is the units digit of j?
6
Suppose 0 = 13*h + 26 - 78. What is the units digit of h - 388/(-8)*10?
9
Suppose 3*b - 6*b - 3*f = -3372, -b = -3*f - 1140. What is the tens digit of b?
2
Suppose -4573 = 4*g - 9*g + t, 4*g + 4*t - 3668 = 0. What is the hundreds digit of g?
9
What is the thousands digit of 1092/(-156) - -1*2531?
2
Let p = 62 + -45. Suppose -10*v + p = -13. Suppose v*k + 79 = 529. What is the units digit of k?
0
Let y(r) = -r**3 - 13*r**2 - r - 8. Let f be y(-13). Suppose -f*c + 2 = -18. What is the units digit of 7/(-14) - (-286)/c?
1
Let s(a) = -a**3 - 5*a**2 + a + 3. Let w be s(-5). What is the units digit of (w/6)/((-21)/38052)?
4
Let n be -3*(3 + 13/(-3)). Suppose -275 = n*i + 1605. Let z = -311 - i. What is the units digit of z?
9
Let v = -53 + 46. Let a be (-2 - 5444/v) + (-32)/(-112). Suppose 0 = h - 5*h + 2*g + a, 5*h - 940 = -5*g. What is the tens digit of h?
9
Let c(d) = 187*d - 930. What is the thousands digit of c(26)?
3
Let s(i) = -24854*i - 3637. What is the units digit of s(-2)?
1
What is the tens digit of (15345792/525 - -17) + (-4)/50?
4
What is the thousands digit of (-19)/(-133)*(-1 + 73082) + (-7)/49?
0
Suppose 0 = -18*n + 21*n - 21. Let s(h) = 48*h + 52. What is the tens digit of s(n)?
8
Let w(n) = -n**2 - 2*n + 2. Let y be w(2). What is the tens digit of (-1 + -3)*423/y?
8
Suppose 0 = 4*v - 5*m - 170747 - 113236, -141978 = -2*v + 4*m. What is the thousands digit of v?
1
Let x = -8 - -8. Let c(l) = -l**3 + 54. Let i be c(x). Suppose i + 12 = v. What is the tens digit of v?
6
Let q(r) = -330*r + 390. Let p be q(19). Let u = 22 - 13. What is the hundreds digit of ((-6)/u)/(16/p)?
2
Suppose -2*x = -2*c - 5700, -4*x + c + 16508 - 5123 = 0. What is the hundreds digit of x?
8
Let h(r) = 43*r**2 + 2374*r + 116. What is the thousands digit of h(-64)?
4
Let v(d) = 159*d + 638. Let i be v(-4). Let o be -3*(2 + (-10)/3). Suppose 0*y - o*q = i*y - 202, 80 = y - 5*q. What is the tens digit of y?
9
Let z(y) = -76*y**3 - 21*y**2 + 34*y + 390. What is the thousands digit of z(-10)?
3
Suppose 3*w = w - 44. Suppose -5*m - 12*n + 17*n = -355, -6 = n. Let l = m - w. What is the tens digit of l?
8
Suppose 603211 = 86*h + 47*h - 1238972. What is the thousands digit of h?
3
Suppose -3*q - 38*q + 315492 = 29681. What is the thousands digit of q?
6
Let i(k) = 247*k**2 - 68*k - 439. What is the units digit of i(-6)?
1
Let p = 133127 + -81390. What is the units digit of p?
7
Let p(h) = -h - 1. Let k be p(-1). Suppose 2*v + 5*m + k = -3, 0 = -m - 1. What is the units digit of 3/(-3) - -4 - (1 - v)?
3
Let c = -53 + 57. Suppose l = 